ime number?
True
Suppose 156 + 4467 = 3*h. Is h prime?
False
Suppose 0 = 5*c + 5*f - 1395 - 540, 2*c - 772 = -3*f. Is c composite?
False
Let t(r) = -3*r + 6. Let j be t(4). Let s = 33 - 2. Let w = s - j. Is w a prime number?
True
Let p(h) = -53*h**2 - 3*h - 1. Let n be p(-2). Let s = -122 - n. Is s a composite number?
True
Let n = 347 - 236. Is n a prime number?
False
Let q = -14 - -6. Let w be (-100)/7 - 4/(-14). Let y = q - w. Is y a composite number?
True
Let y be -3 + 6 + (-3 - 4). Let s = 335 + y. Is s a composite number?
False
Is 40/16*(-892)/(-10) a prime number?
True
Suppose -535 = 3*k + 2*k. Suppose -5*p + 2*w = -436 - 554, 0 = 4*w. Let r = p + k. Is r a composite number?
True
Let v = 782 - 539. Suppose -5*u + 52 = -v. Is u a composite number?
False
Let f = 7 - 3. Suppose -20 = -5*k, 2*h + 826 = f*h - 3*k. Is h prime?
True
Let x be (1*-3)/(6/(-8)). Suppose -3*w + 11 = y - 3*y, -x*w - y = 0. Let j(i) = 59*i**2 - 1. Is j(w) a composite number?
True
Suppose u - 96 = -4*g + g, -64 = -2*g + 2*u. Suppose -r + 0 + 2 = 0, 4*q + 4*r = g. Is (q/(-9))/(2/(-39)) a composite number?
False
Suppose 3*n = 8 + 4. Let u = -44 + 49. Suppose -u*l + n*l = -67. Is l prime?
True
Suppose 0 = -5*k + 4*g + 2415, -k + 2*k - 2*g = 489. Is k prime?
True
Let k(o) = 2*o - 3. Let m be k(2). Suppose -2*g - 4*t + 37 - 15 = 0, 3*g - m = 2*t. Suppose x + g*x = 148. Is x prime?
True
Let k(f) = 3*f**3 - 4*f**2 + 2*f + 2. Let g(o) = -o**3 + 2*o**2 + 3*o - 4. Let n be g(3). Let s = n + 6. Is k(s) a prime number?
False
Let b = 51 - 16. Suppose -5*i = -b - 30. Is i composite?
False
Let c(r) = 7*r**3 - 7*r**2 - 7*r - 26. Let p(q) = -3*q**3 + 3*q**2 + 3*q + 13. Let o(l) = 4*c(l) + 9*p(l). Is o(0) composite?
False
Let j = 34 - 16. Let t = -9 + 22. Let d = t + j. Is d prime?
True
Let g(n) = -145*n + 1. Let s be (1/2)/(2/(-4)). Let q be g(s). Suppose 5*l + 4*u = 351, -3*u = -4*l + 6*l - q. Is l composite?
False
Let r = 37 + -12. Is r composite?
True
Let x = 202 - -277. Is x a prime number?
True
Let u = -5 - -10. Suppose 366 = u*m - 79. Is m a composite number?
False
Let c be 4/4 + 1*23. Suppose y = 11 + c. Let i = y + 16. Is i prime?
False
Let f(n) = 11*n**2 + 12*n - 12. Is f(7) a prime number?
False
Let x(q) = -q**3 + q**2 - q - 1. Let y(v) = -v**3 + 9*v**2 - 11. Let k(g) = 2*x(g) - y(g). Let n be k(-7). Suppose 2*z - n = 51. Is z composite?
False
Suppose 4*z = -2*a - 3*a - 9, 4*z + a = -21. Is z/(-4)*(-3262)/(-21) a composite number?
False
Let i be (-32)/(-112) + (-6954)/(-14). Suppose 4*m + 25 = i. Is m a composite number?
True
Let h(s) = 124*s - 47. Is h(10) prime?
True
Suppose 192 = 5*f - 63. Is f a prime number?
False
Let v = -34 + -5. Let r = 50 - v. Is r composite?
False
Let y(g) = -269*g + 16. Is y(-5) prime?
True
Let m = 360 + 79. Is m composite?
False
Suppose 0 = f - 5*f + 20. Let g = f + -6. Is (-34)/(6/15*g) a composite number?
True
Let g be 2/5 + 14665/25. Suppose 4*y + 4*w - 2336 = 0, -5*w + w + g = y. Is y a composite number?
True
Suppose g - 1306 = -g. Is g a composite number?
False
Let h be (2/6)/(1/717). Let f = h + -113. Let r = f + -87. Is r prime?
False
Let d = 3 + -1. Is d a prime number?
True
Suppose 0*o - 3 = -o, -4*j + 87 = -3*o. Suppose 2*g + 2*y - j = 0, 21 = g + g - y. Is g composite?
False
Let u be ((-8)/10)/(1/(-5)). Suppose -u*h - h - 30 = 0. Is 3 - 3/(h/428) a composite number?
True
Let u(n) = -n**2 + 10*n + 3. Let y be u(8). Let b = y + -11. Suppose -356 = -2*z + 5*r - 100, 4*r = b. Is z a composite number?
True
Let h = 3414 - 2398. Suppose -4*r + 1279 = 5*o, 6*r - r - h = -4*o. Is o a composite number?
True
Suppose 5*k + n = 4*k, 0 = -2*n - 2. Is (k + -83)/((-12)/18) a composite number?
True
Suppose 8*h - 6 = 5*h. Let t be 0 - -1*h - -86. Suppose -177 = -5*r + t. Is r a composite number?
False
Let q(u) = 8*u**2 - 7*u + 11. Let v(l) = 17*l**2 - 13*l + 23. Let x(p) = 5*q(p) - 2*v(p). Is x(8) a composite number?
True
Let r = 166 - 115. Let y = r + 0. Is y a composite number?
True
Suppose 3*j = s - 3422 - 8977, s - 16533 = 4*j. Is (-6)/21 + j/(-14) composite?
True
Let m = 2 + -3. Let s be m + 2 + (1 - -7). Suppose -4*j = -4*q - q - 27, 2*j + 5*q + s = 0. Is j a prime number?
True
Suppose 3*l + l - 784 = 0. Let h = -67 + 109. Suppose -2*q - h + l = 0. Is q prime?
False
Let a = 1142 - 585. Is a prime?
True
Let q(d) = -43*d**3 + d**2 + 3*d + 2. Is q(-1) a composite number?
False
Let m = -1 + 27. Let b = -2 + 7. Let f = m - b. Is f composite?
True
Let u(z) = 6*z**2 - 5*z + 7. Let k be (-2 - -3)/((-3)/15). Let t be u(k). Suppose 0*d + 2*d = t. Is d a composite number?
True
Suppose 4*g = -2*v - 2*v - 12, 2*g + 9 = -5*v. Let s = -3 - v. Let f(i) = 2*i**2 - 3*i - 3. Is f(s) composite?
False
Suppose 2*j + 3*w - 2 = -7, -j + 4*w = -14. Suppose 3*m - 3 = -j*z + 2*m, 3*z = 2*m + 8. Suppose 4*n - 1 = 3, z*a = n + 97. Is a a composite number?
True
Let g(j) = 361*j**3 - j**2 + 7. Is g(3) a composite number?
True
Let y be (3/6)/(6/2100). Suppose -5*u - q + y = -6*q, -2*u + 3*q + 68 = 0. Is u prime?
True
Suppose 20*b + 2023 = 18443. Is b composite?
False
Suppose -4*a + 6 = -2. Let i be 3/6*a + -1. Let f(h) = h**2 + h + 149. Is f(i) a composite number?
False
Let x be ((-128)/(-10))/((-3)/30). Let i = x - -235. Suppose 2*c - i = 67. Is c a composite number?
True
Suppose 3909 - 1039 = d + 5*c, 0 = 2*d + 4*c - 5758. Is d a prime number?
False
Let h(q) = -11*q - 6. Let k = -8 - -19. Let z(s) = s - 15. Let r be z(k). Is h(r) a composite number?
True
Let u be 906/(-10) - (-2)/(-5). Let k = 138 + u. Is k a prime number?
True
Suppose 156 = 3*f - 51. Let q = f + 310. Is q prime?
True
Is 1 - (-851 + 4/(8/6)) a prime number?
False
Let t(c) = c - 2. Let s be t(2). Suppose s*p = 2*p - 70. Is p prime?
False
Let b = 0 - 0. Suppose 5*t - 325 + 95 = b. Is t composite?
True
Let f be 16*(-1)/3*-3. Suppose 0*t = -2*t + f. Suppose -2*g = u - t, 5*g - u - 17 = 17. Is g prime?
False
Let c(d) be the third derivative of -d**8/20160 - d**7/630 + d**6/240 - d**5/60 + 2*d**2. Let i(z) be the third derivative of c(z). Is i(-6) prime?
False
Suppose 628 = o + 3*o. Is o composite?
False
Suppose -1121 = -4*r + 771. Is r a prime number?
False
Suppose 4*s + 3*j - 27 = 0, -2*s + j - 3*j = -16. Suppose -5*y = -5*a - 160, s*y = 5*a + 71 + 19. Is y a prime number?
False
Let j = -462 + 791. Is j prime?
False
Is (-7586)/(11/(55/(-10))) a prime number?
True
Let s = 2 - 5. Is 35/(s*(-2)/6) prime?
False
Suppose 0*p - 3*p = 9. Is (23/(-4))/(p/12) composite?
False
Let w = 1685 + -918. Is w a prime number?
False
Let y(a) = -7*a**2 - a**2 + 5 + 4*a + a**3 - 15*a. Suppose -j + 18 = -2*t, 30 = 5*j + 5*t - 0. Is y(j) a prime number?
False
Let j be (58/4)/((-1)/4). Let u = -12 - j. Is u a prime number?
False
Let t = 6434 + -4591. Is t a composite number?
True
Let t(g) = 17*g - 4. Let n = 7 + 1. Let w be t(n). Suppose 2*p + 2*p - w = 0. Is p a prime number?
False
Let x(a) = a - 1. Let n be x(5). Suppose -3*o + n = -o. Let f(s) = 10*s**2 - 2*s + 1. Is f(o) composite?
False
Suppose 9*z - 15 = 4*z. Let a be z/(1/11*3). Suppose -a = -t + 26. Is t composite?
False
Let w = 2 + -11. Let k(v) = -v**3 - 8*v**2 + 2*v - 10. Is k(w) prime?
True
Suppose 0 = -4*h - 12, 0 = 5*d + 3*h - 0*h - 521. Is (2/(-4))/((-1)/d) composite?
False
Is 4 - (-3 - -1634)*(-8 - -5) a composite number?
True
Let h(t) = 2*t + 15. Let m be h(-12). Is (1 - (-15)/m)*-33 a prime number?
False
Suppose 32 = -4*y - 3*x, 4*y + 4 = 3*x - 4. Let d = 10 - 16. Is (d/y)/(12/40) composite?
True
Let p(q) = -4*q**2 - 1. Let x be p(-1). Let k(s) = -s**3 - 2*s**2 - 3*s**2 - s + 6 + 0*s**3. Is k(x) prime?
True
Suppose -3*f = -f - 20. Let s = 17 - 12. Let z = f + s. Is z a composite number?
True
Suppose 0 = -5*v + v - 32. Let u(w) = -15*w + 4. Let q be u(v). Suppose -c - 3*z + q = 0, 3*c + 3*z = z + 407. Is c a composite number?
False
Suppose -2*j - 2*j = -3*l - 5014, -2*l + 3769 = 3*j. Is j composite?
True
Suppose 2*i + 1 = -9. Is i/(-5) - (-24 + -1) prime?
False
Suppose 0 = -3*g + b + 8, -3*b + 4 - 1 = 0. Suppose -5*q + 20 = 0, 2*q = -g*d + 152 + 111. Is d a composite number?
True
Let d(w) = 5*w - 4*w**2 + w**3 - 9 + w**3 + 2*w**3 - 2*w**3. Let z be d(8). Suppose -5*j - 4*f + z = 0, 3*j - 445 = f + 48. Is j a composite number?
False
Let s(f) = -f - 4. Let k be s(-9). S